termine k(r).
-13
Let t(s) = 19*s - 21. Let o(c) = 10 - 4*c - 4*c + c - 2*c. Let w(u) = -13*o(u) - 6*t(u). Suppose 14 - 5 = 3*a. Calculate w(a).
5
Let y(t) = -6*t**3 - 1. Let u(q) = q**3 + 9*q**2 - 5*q - 8. Let p be u(-9). Suppose -p*d = -48*d - 11. What is y(d)?
5
Let v(d) = 5*d**2 + 12*d - 5. Let f(a) = 3*a**2 + 6*a - 2. Let m(q) = -7*f(q) + 4*v(q). What is m(5)?
-1
Let a(x) = x**3 - 8. Let r = 734 + -734. Determine a(r).
-8
Let u be 6/144*4 - 31/6. Let x(q) = -q - 1. Let y(a) = 2*a**2 - 9*a - 2. Let c(f) = u*x(f) + y(f). What is c(3)?
9
Let g(r) = -11*r**2 + 38*r + 26. Let k(n) = 7*n**2 - 23*n - 17. Let v(j) = -5*g(j) - 8*k(j). Let f = 15 - 21. Calculate v(f).
6
Let g(k) = 3386 + k - 1697 - 1691 + k. Suppose -26 = 3*a - 8. Give g(a).
-14
Let h(l) = -10*l**3 + 10*l**2 - 4*l - 25. Let m(n) = -7*n**3 + 7*n**2 - 3*n - 17. Let p(f) = -5*h(f) + 7*m(f). Let t be (-4)/5 + 3/(30/8). Give p(t).
6
Let k(n) = n**3 + 6*n**2 + 4*n - 2. Let y be k(-5). Let b(z) = 1 + z - 1 + z + y. Let v(q) = -q**3 + 5*q**2 + 4*q - 23. Let m be v(5). What is b(m)?
-3
Let w(a) be the third derivative of -1/4*a**5 + 0 - 1/120*a**6 + 8*a**2 + 0*a + 2/3*a**4 + a**3. Let q be w(-16). Let h(d) = -d**2 + 8*d - 1. Give h(q).
11
Let s(w) = w**2 + 6*w + 7. Suppose -4*p - 2*g - 16 - 10 = 0, -2*p = 4*g + 28. Let t be s(p). Let n(j) = 5*j**2 + 2*j + 1. Calculate n(t).
4
Let s(l) = -31*l + 21. Let i(q) = 11*q - 7. Let v(u) = 17*i(u) + 6*s(u). Determine v(-5).
2
Let a(w) = 3*w - 10. Let l(b) = 2*b - 7. Let y(t) = 5*a(t) - 7*l(t). Let h(i) = i**3 - 2*i - 1. Let p be h(-1). Suppose -8 = -p*z - 4*z. Determine y(z).
1
Let v(h) = -3 - 6*h**3 + 4*h**3 + 2 + 2*h + 0*h. Suppose 3*w = w - 46. Let l = 25 + w. Give v(l).
-13
Suppose 2*l = -4 + 16. Let w(r) = r**3 + 4*r**2 + 2*r + 1. Let d be w(-3). Suppose -v = -d*v + l. Let k(t) = -4*t + 2. Determine k(v).
-6
Let f(b) = 2*b - 1. Suppose -p - 18 = -7*p. Suppose 2*l + 3*g = -3*l - 6, -p*g + 3 = 2*l. What is f(l)?
-7
Let l(f) be the second derivative of f**4/12 + f**3/2 - 5*f**2/2 + 732*f. Determine l(-5).
5
Let v(f) = -3*f**2 - 3*f - 2. Let c = -9 - -9. Suppose 0 = 5*k - 2 - 23, c = 5*s - 3*k + 75. Let n be -3*((-8)/s)/1. Give v(n).
-8
Let l(a) be the first derivative of -a**2/2 + 4*a + 2. Let n be 0 + (7*1 - (-5 + 9)). Let j be 2/n + -4*1/6. Calculate l(j).
4
Let c(p) = 2*p**2 - 9*p + 6. Let i be c(3). Let t(o) = 4*o**2 + o - 3. Let y(w) = 4 - 21*w**2 - 4*w + 0*w + 11. Let s(l) = -11*t(l) - 2*y(l). Calculate s(i).
-6
Let k(l) = -7*l - 2. Suppose 6*c = -1 - 11. What is k(c)?
12
Let y(r) = r**3 + 9*r**2 + 4*r - 10. Let t(o) = 15*o + 127. Let u be t(-9). What is y(u)?
22
Let k(s) = -5*s**2 + 4 + 7*s**2 + 11*s + 7*s**2 - 9*s**2 - s**2. Give k(13).
-22
Let v(y) = -y**2 - 2*y + 1. Let o = 16 + -13. Suppose -o*x + 5 = -19. Suppose n - x = -3*n. What is v(n)?
-7
Let x = -61 - -72. Suppose 0 = x*z - 1 + 12. Let v(i) = -29*i**3 + i**2 - 1. Give v(z).
29
Let h(u) = -u + 1. Suppose 0 = 13*i - 30 + 4. Suppose -5*g - 5 = 3*r + i*r, 33 = -3*g + 3*r. Give h(g).
7
Let l(i) = -5*i + 34. Let z be l(6). Let k be 26/7 + (-3)/((-42)/z). Let d(y) = -y**3 + 5*y**2 - y - 2. What is d(k)?
10
Let f(g) = -g**2 - 7*g - 6. Let z(t) = -t**2 - 8*t - 7. Let r(w) = 4*f(w) - 3*z(w). Calculate r(-5).
-8
Let n(d) = 0*d + 3*d + 1 - 4. Let r(p) = p**3 + 6*p**2 + 5*p + 4. Let q be r(-5). What is n(q)?
9
Let u(k) = -k**3 - 5*k**2 + k + 10. Let c be u(-5). Suppose 3*t = 7*t - 3*v - 35, 0 = -c*t + v + 30. Let p(l) = l**2 - 4*l - 6. Determine p(t).
-1
Let o = 8 - 5. Let y = 5 - o. Let s(b) be the third derivative of -b**4/4 + b**3/3 + 4*b**2 + 1. Give s(y).
-10
Let c(w) = -4*w**3 - 18*w**2 + 13*w + 12. Let m(f) = 3*f**3 + 17*f**2 - 9*f - 13. Let d(y) = 2*c(y) + 3*m(y). Calculate d(-15).
0
Let m(u) = -u**2 + 5*u - 1. Let b be 2/(-9) + (-1424)/72. Let i = b - -24. Suppose 0 = -4*g + 5*k + 13, 3*g - 5*g = -i*k - 8. Determine m(g).
5
Let f(m) be the first derivative of -m**3/3 - m + 5. Give f(2).
-5
Let z be (-9)/(-2) - 1/(-2). Let h(g) be the second derivative of -g**5/20 + 5*g**4/12 + g**3/3 + 3*g**2/2 - 3*g + 194. What is h(z)?
13
Let u(q) be the first derivative of -q**4/24 - q**3/3 - 5*q**2/2 + 1. Let t(n) be the second derivative of u(n). Let r be (-42)/(-63)*(-18)/4. What is t(r)?
1
Let w be (-1 - -1 - -2)*2. Let u(y) be the third derivative of -y**4/24 - y**3/3 + 444*y**2. Calculate u(w).
-6
Suppose 4*t + 30*t - 102 = 0. Let x(h) be the third derivative of 0 - h**t - h**2 + 0*h + 1/12*h**4. Calculate x(4).
2
Let h(g) be the second derivative of -g**5/60 - g**4/24 - 19*g**3/6 - 40*g. Let r(a) be the second derivative of h(a). Determine r(3).
-7
Let j(h) be the first derivative of h**3/3 - 9*h**2 + 49*h + 212. Calculate j(15).
4
Let t = 13 + -8. Let u(p) = -p + 1 + t + 1. Determine u(8).
-1
Let v be (2/4)/((-1)/12). Let j(o) = 4*o. Let l(k) = -3*k. Let f(z) = 2*j(z) + 3*l(z). Let t(s) = -5*s + 14. Let b(a) = 6*f(a) - t(a). Determine b(v).
-8
Let u(q) = 3*q + 7. Let x(c) = c**2 + 2*c. Let i be x(-2). Suppose i = 2*k + 8. Let b be u(k). Let y(z) = -z**3 - 4*z**2 + 6*z + 3. Determine y(b).
-2
Let l(f) = 29*f**2 + 9*f - 5. Let p(c) = 29*c**2 + 11*c - 6. Let r(g) = 6*l(g) - 5*p(g). Give r(1).
28
Let v = 107 + -104. Let c(g) = -8 - g**3 - 4*g**2 + 6*g - 2*g + 2 + v. Calculate c(-5).
2
Let j(s) be the first derivative of -s**3/3 + 4*s**2 - 5*s - 1451. Suppose 0 = 3*d - 16 - 2. Give j(d).
7
Let n(u) = -5*u + 59. Let s be n(11). Let p(d) = 28*d**3 + 0*d + 6*d**2 + s*d - 27*d**3. Calculate p(-4).
16
Let n(q) = -13 + 5*q - 17 + 21. Determine n(10).
41
Let p(z) be the second derivative of 7*z**3/6 + 4*z**2 - 23*z. Let c be p(-1). Let b(j) = -14*j**3 + j**2 - j. Calculate b(c).
-14
Let w = 393 - 388. Let g(p) = -2*p + 14. Calculate g(w).
4
Let b(a) = -a**2 + a - 2. Let k be 1 - (3 - (5 + -1)). Suppose -k = -0*u - u. Suppose -7 = i + 5*w, -2*i = i - u*w + 4. Determine b(i).
-8
Let a(d) = -5*d**2 - 7*d + 1. Let i(z) be the third derivative of z**5/15 + z**4/4 - z**3/6 + 14*z**2. Let x(u) = -2*a(u) - 3*i(u). What is x(-3)?
-5
Let y(f) = -f - 13. Suppose 2*s + 2*r = -14, 0*s + r = 5*s + 59. What is y(s)?
-2
Let v be (1*(-2 + -4))/((-4)/(-2)). Let p(o) = o**3 + 4*o**2 + 5*o + 4. Calculate p(v).
-2
Suppose 4*y - 2*y + 20 = 0. Let s(l) = -54*l**2 - 1 + l + 8*l - 6 + 55*l**2. What is s(y)?
3
Let a(n) = -15*n**3 + 5*n**3 + 5*n**2 + 1 - 4*n + 5*n - 4*n**2. What is a(-1)?
11
Let h(n) = -n**2 - 4*n + 6. Let u be h(-6). Let v be 5/10*8 - -3. Let o(x) = x**2 + v*x - x + 8 + x. Calculate o(u).
2
Let s(c) = -7*c**3 - 9*c**2 - 3*c - 5. Let g(r) = 13*r**3 + 17*r**2 + 5*r + 11. Let m(h) = 6*g(h) + 11*s(h). Calculate m(-4).
7
Let d be 1/(-1)*7*6/(-21). Let l(r) = -1 + 9 - 2*r**d + 0 - 3*r - 7. What is l(-3)?
-8
Let b(k) = k**2 + 4*k + 6. Let w be b(-4). Suppose -4*f = -x + 10, -x + 3*x = f + w. Let t(l) = -l + 0*l + 0*l - 2 + x*l. Determine t(2).
0
Let i(o) = 2*o**2 - 2*o. Let g(z) = 12*z + 49. Let j be g(-4). What is i(j)?
0
Let y(p) = -3*p + 8 + 3*p - 9*p + 5*p - p**2. Suppose 3*n + 3 = -3*o + 6, -3*o + 9 = -3*n. Suppose v = -o, -s - 14 - 2 = 5*v. Calculate y(s).
-4
Let s(r) = -r**3 + 2*r**2 - r + 1. Let n = 4 + -2. Determine s(n).
-1
Let j(a) = 9*a + 6 - 19 - 10*a. Let p be j(-12). Let v(l) = -8*l**3 + l**2 + 2*l. Let o be v(p). Let x(k) = 3*k - 9. Determine x(o).
12
Let b(x) = x**3 - 6*x**2 + 2*x - 4. Suppose 4*k = 2*y + 100, -5*k - 3*y + 48 = -66. Suppose 6*o = 2*o + k. What is b(o)?
8
Let l(s) = -s**2 + 4*s + 1. Let k be l(4). Let i(m) = 4*m. Let f be i(k). Let o(n) = 3*n - 3 + 2*n - n**2 + 4*n - f*n. What is o(4)?
1
Let c(n) be the third derivative of n**5/60 - n**4/24 + 7*n**3/2 + 13*n**2. Let x(p) be the first derivative of c(p). Calculate x(-1).
-3
Let t(v) be the first derivative of -3*v + 4*v**2 + 1/4*v**4 - 7/3*v**3 - 3. Give t(6).
9
Let r(o) be the first derivative of 0*o + 1/60*o**5 - 1/6*o**4 - 4 - 2/3*o**3 + 0*o**2. Let s(g) be the third derivative of r(g). Determine s(3).
2
Let h(o) = -o**2 + 21*o + 1. Let a(r) = -2*r - 2. Let z(p) = 6*a(p) + h(p). Give z(8).
-3
Let v be (-8)/(-10)*(1 - -4). Suppose 0 = -3*g - g - v. Let w = g + 5. Let c(u) = u - 1. What is c(w)?
3
Let t(h) = 34*h**3 - 5*h**2 - h - 7. Let w(z) = -53*z**3 + 8*z**2 + 2*z + 11. Let d(o) = 8*t(o) + 5*w(o). Let c be ((-15)/9)/5*-3. Calc